is -1333 (base 13) in base 12?
-170a
What is -62 (base 9) in base 10?
-56
Convert 11102201 (base 3) to base 12.
1a54
-1011111010000010 (base 2) to base 12
-24282
Convert -221310 (base 4) to base 14.
-d92
What is -10 (base 9) in base 11?
-9
367 (base 9) to base 12
214
What is -1134013 (base 5) in base 2?
-101001010001101
-222001 (base 7) to base 11
-27419
-1301330 (base 4) to base 9
-11002
Convert 1313212 (base 5) to base 6.
320345
71 (base 8) to base 16
39
1100001110 (base 2) to base 12
552
Convert 1251 (base 8) to base 2.
1010101001
Convert -9024 (base 11) to base 13.
-5606
Convert 94c (base 15) to base 5.
31342
-31102 (base 5) to base 10
-2027
Convert -133130 (base 4) to base 3.
-2202112
Convert 11010100000 (base 2) to base 9.
2284
What is -5b (base 13) in base 10?
-76
-2191 (base 14) to base 6
-42523
What is -65853 (base 9) in base 14?
-11cdd
What is -1532 (base 12) in base 16?
-9b6
17b (base 16) to base 6
1431
Convert -21000200 (base 4) to base 8.
-110040
2122021020 (base 3) to base 13
1a856
-29aa (base 15) to base 4
-2023213
120000102 (base 3) to base 5
322241
What is 3312000 (base 4) in base 6?
200520
6b0 (base 16) to base 12
ba8
-203010 (base 4) to base 5
-32434
Convert -410303 (base 5) to base 15.
-3da3
Convert -111032 (base 5) to base 7.
-14230
-4119 (base 13) to base 8
-21423
What is -10053 (base 9) in base 8?
-14721
What is 12825 (base 11) in base 3?
221002201
What is -1488 (base 10) in base 7?
-4224
What is -1630 (base 8) in base 6?
-4132
-235 (base 16) to base 14
-2c5
-114 (base 11) to base 7
-253
Convert -2330 (base 5) to base 12.
-244
-165 (base 14) to base 16
-11d
Convert -22230 (base 4) to base 14.
-36c
-1558 (base 16) to base 15
-1944
Convert -34 (base 8) to base 7.
-40
5134 (base 6) to base 4
101302
What is 201220 (base 3) in base 10?
537
Convert 10100111000001 (base 2) to base 6.
121253
Convert -133 (base 14) to base 12.
-181
a6 (base 16) to base 3
20011
Convert 5cd6 (base 16) to base 9.
35536
Convert -30564 (base 7) to base 8.
-16506
What is 1b0a (base 15) in base 12?
3484
1c98 (base 15) to base 16
184a
-200200 (base 4) to base 11
-1621
2110022 (base 3) to base 8
3376
76b (base 15) to base 16
68c
Convert 20f (base 16) to base 3.
201112
Convert 101100212 (base 3) to base 15.
238b
-10311 (base 4) to base 15
-159
Convert 45 (base 7) to base 15.
23
Convert 46446 (base 7) to base 12.
6a70
Convert 6064 (base 13) to base 10.
13264
Convert 36196 (base 10) to base 8.
106544
7716 (base 11) to base 14
39d3
Convert 1113113 (base 5) to base 9.
30121
271 (base 11) to base 12
228
Convert -1111110101100100 (base 2) to base 8.
-176544
286 (base 16) to base 9
787
13a33 (base 13) to base 15
adde
What is -22463 (base 7) in base 11?
-4339
Convert 14322 (base 10) to base 15.
439c
What is -1370 (base 12) in base 13?
-1038
What is -223100 (base 4) in base 10?
-2768
Convert 195b (base 13) to base 11.
293a
Convert -5103 (base 10) to base 16.
-13ef
Convert -2492 (base 12) to base 10.
-4142
Convert -2815 (base 9) to base 11.
-1658
4351 (base 6) to base 14
519
-330 (base 14) to base 9
-770
What is 4889 (base 10) in base 11?
3745
-b758 (base 14) to base 2
-111101110010010
Convert 24f (base 16) to base 12.
413
What is 1013033 (base 4) in base 12?
277b
Convert 126 (base 8) to base 6.
222
What is -12110011 (base 3) in base 15?
-129d
Convert -383 (base 12) to base 5.
-4111
What is 1010010101 (base 2) in base 5?
10121
Convert -12b (base 12) to base 13.
-10a
What is 35445 (base 9) in base 12?
11865
What is -7158 (base 9) in base 15?
-1842
Convert -1223 (base 4) to base 14.
-79
13213 (base 5) to base 8
2042
What is 1908 (base 15) in base 9?
7368
-221216 (base 7) to base 2
-1001011111010110
What is 1677 (base 9) in base 6?
5541
Convert 518 (base 14) to base 10.
1002
-7a (base 11) to base 10
-87
Convert 1000012 (base 3) to base 2.
1011011110
Convert -311112 (base 4) to base 15.
-1029
Convert 65652 (base 9) to base 12.
21248
256 (base 7) to base 3
12011
-1450 (base 15) to base 10
-4350
What is 40a (base 14) in base 4?
30122
Convert -234310 (base 5) to base 13.
-3c68
What is -80075 (base 10) in base 9?
-131752
What is 11101201 (base 3) in base 11?
2454
3766 (base 8) to base 7
5641
Convert 16005 (base 9) to base 6.
122352
What is 483 (base 13) in base 4?
30033
Convert 166324 (base 8) to base 13.
21799
What is -3211231 (base 4) in base 6?
-152021
-45 (base 16) to base 10
-69
23 (base 12) to base 8
33
-2102012000 (base 3) to base 8
-134640
What is 12321001 (base 4) in base 7?
145201
104212 (base 5) to base 12
216a
Convert 112101000 (base 3) to base 14.
3b64
-1402131 (base 5) to base 16
-6f00
What is -2638 (base 9) in base 12?
-118b
What is 2774 (base 9) in base 4?
200230
What is -25948 (base 11) in base 8?
-110326
What is 4264 (base 15) in base 12?
8164
Convert 1433 (base 7) to base 5.
4223
Convert -234 (base 10) to base 3.
-22200
What is 11023 (base 4) in base 11?
281
What is 128 (base 15) in base 9?
322
What is -29b3 (base 13) in base 8?
-13655
What is 4102 (base 16) in base 12?
976a
What is 12604 (base 9) in base 6?
103221
Convert -3735 (base 16) to base 6.
-145233
Convert 322652 (base 7) to base 11.
39288
What is -22220010 (base 3) in base 4?
-1211103
44452 (base 6) to base 5
144344
Convert -3b9 (base 12) to base 7.
-1446
-10101101011001 (base 2) to base 8
-25531
What is 1562 (base 11) in base 14?
a32
Convert 2065 (base 7) to base 10.
733
-2143 (base 5) to base 4
-10222
What is 1c03 (base 13) in base 3?
12210121
Convert 3396 (base 13) to base 6.
53233
-48076 (base 9) to base 3
-1122002120
1113100 (base 5) to base 9
30112
713 (base 14) to base 8
2555
Convert 11010101001 (base 2) to base 15.
78a
What is 372 (base 8) in base 4?
3322
53201 (base 6) to base 12
4201
34435 (base 7) to base 13
4009
Convert -4349 (base 10) to base 11.
-32a4
Convert 10857 (base 9) to base 11.
5501
What is -14463 (base 13) in base 11?
-266a2
-1751a (base 11) to base 15
-743e
What is -80302 (base 9) in base 11?
-3668a
Convert 1021100 (base 3) to base 11.
773
-13224 (base 7) to base 13
-17ca
-1121122 (base 4) to base 7
-22453
What is 21220120 (base 3) in base 6?
42410
Convert 9a07 (base 15) to base 4.
13331320
37d6 (base 16) to base 4
3133112
Convert -21113 (base 6) to base 3.
-10220200
-2010010202 (base 3) to base 6
-520502
What is 130a6 (base 12) in base 16?
65be
What is -1464 (base 8) in base 13?
-4b1
Convert 11311 (base 5) to base 10.
831
What is -1977 (base 10) in base 4?
-132321
Convert 33004 (base 5) to base 14.
b70
-110415 (base 7) to base 2
-100101111011000
1110101011001 (base 2) to base 11
5710
Convert -10101100100 (base 2) to base 15.
-620
1110001010001 (base 2) to base 10
7249
Convert 316 (base 12) to base 16.
1c2
What is ce47 (base 15) in base 7?
241312
What is -17150 (base 10) in base 3?
-212112012
What is -9969 (base 14) in base 4?
-12132321
Convert -655 (base 16) to base 13.
-979
What is 251 (base 8) in base 9?
207
What is -b2 (base 14) in base 2?
-10011100
What is -39d (base 15) in base 4?
-30313
2da7 (base 16) to base 5
333222
What is 6b3 (base 14) in base 2?
10100110101
Convert 89 (base 10) to base 16.
59
What is 1a09 (base 11) in base 13?
1212
16337 (base 8) to base 4
1303133
Convert -121503 (base 6) to base 11.
-80a9
Convert 20077 (base 9) to base 15.
3d97
Convert 670 (base 8) to base 14.
236
What is -10100000000 (base 2) in base 14?
-676
What is 285 (base 14) in base 8?
775
2103 (base 9) to base 6
11050
What is 98 (base 15) in base 7?
263
1102 (base 9) to base 13
4a6
What is -10630 (base 11) in base 4?
-3300220
Convert -240 (base 11) to base 3.
-101121
Convert -100111101111 (base 2) to base 7.
-10262
-3606 (base 7) to base 16
-531
Convert 15163 (base 8) to base 6.
51203
-1010100000110 (base 2) to base 16
-1506
What is -10210112 (base 3) in base 2?
-101011010000
-58e (base 15) to base 12
-88b
100000111101 (base 2) to base 6
13433
1611 (base 7) to base 5
10040
Convert -103 (base 4) to base 3.
-201
Convert -4512 (base 8) to base 7.
-6635
What is 6aa4 (base 11) in base 10?
9310
194b2 (base 13) to base 10
49155
-1000022 (base 4) to base 15
-133b
Convert 2a6 (base 16) to base 9.
833
Convert 6a5 (base 15) to base 13.
8ba
-ab4 (base 13) to base 15
-827
What is a46 (base 11) in base 12?
890
4594 (base 14) to base 13
5669
What is 216 (base 8) in base 16?
8e
Convert 41515 (ba